 -1 + 5).
5
What is the value of -4 + (-1 - (3 + -2)) + 5?
-1
What is the value of -6 - (8 + -13 - (-2 - -5))?
2
What is the value of -16 - ((-16 - -1) + (2 - -5))?
-8
(20 - 16) + (-2 - (0 + 3))
-1
What is -5 + 12 + 2 + -9?
0
What is the value of 0 - (5 + -11 + 6 + -6)?
6
Calculate -2 + (0 - (4 - 1)).
-5
What is the value of -4 + 4 - (-8 + 1)?
7
Calculate -6 + 11 - -6 - 2.
9
Calculate -6 + 3 + -3 + 1.
-5
What is the value of 5 - (0 + (0 - -5))?
0
What is the value of -7 + 3 + (4 - 5)?
-5
Calculate 2 - (-11 + 1 - -8).
4
What is the value of -4 + -12 + (-8 - -28)?
4
4 + 1 + (-10 - 1)
-6
What is the value of -4 + 3 - (4 - (9 - 3))?
1
Calculate -127 - -134 - (2 - 2).
7
What is the value of 1 - (-1 + 7) - -10?
5
What is -2 + 4 + -2 + (1 - 6)?
-5
Evaluate (1 - -6 - 1) + -2.
4
What is the value of 0 + 2 + -5 + 4?
1
What is the value of -3 + 9 + (2 - 6) + -3?
-1
Evaluate 8 + -7 - 1 - 4 - -4.
0
-2 + -3 + 7 + -1
1
Calculate 7 + -3 + -7 + 5 + 1.
3
What is (-7 - (-1 + -2)) + (-1 - 0)?
-5
Calculate (7 - 1) + (0 - (7 - 4)).
3
Calculate -3 + 4 + (-15 - (-10 - -3)).
-7
What is (-10 - -8) + 0 + 7?
5
Evaluate -1 + 5 + -1 + (-8 - -4).
-1
What is 1 - (10 + (0 - 4))?
-5
What is (2 - (-1 + 3)) + 7 - 4?
3
Evaluate (0 - 5) + (-8 - (-17 - 4)).
8
What is 4 + -5 + -1 + 4 - 2?
0
What is the value of (-22 - 3) + 31 - (4 + -1)?
3
What is (0 - -4) + -5 + 4 + 0?
3
What is 4 + -14 + 5 - -1?
-4
Evaluate 2 + 2 - (0 - 0).
4
What is the value of -8 + 10 + -16 + 17?
3
Calculate 1 + 0 + 6 - 3.
4
Calculate 4 - 13 - (-3 - 0).
-6
What is the value of -8 + 7 - (6 - (9 - 6))?
-4
Calculate -5 + (3 - -1) - 3.
-4
What is the value of 8 + 1 + (-26 - -22)?
5
What is 5 + -8 + 9 + (0 - 2)?
4
What is (1 + 4 - 7) + 7?
5
Calculate 3 + -8 + 1 + 3.
-1
What is the value of -2 + (-1 - -1) + 2?
0
What is the value of 8 + 9 + (-8 - 1)?
8
What is (-2 - -4) + 11 + -7?
6
What is the value of 0 + (-5 - (-9 - -4)) - 2?
-2
2 + 1 + (7 - 15) + 3
-2
Calculate -1 - (-3 - 0) - 0.
2
What is -2 - -2 - 5 - (-7 + -5)?
7
Evaluate -1 + 1 + (26 - 19).
7
Evaluate 2 + 8 + -10 - (-7 + 0).
7
What is 3 + -2 + (-4 - -3) + 3?
3
-3 + (0 - (-1 - (2 + 0)))
0
What is the value of (-4 - 5) + (9 - 6) + 3?
-3
What is the value of 102 + -105 + (0 - -7) + -1?
3
-12 + 6 + 5 + 2
1
What is 2 - (4 - 1 - 4)?
3
What is 5 + -4 + 2 + 0?
3
Evaluate -1 - (2 - (10 - 2)) - 5.
0
1 + (-4 - -2 - 6)
-7
Evaluate -7 - (1 + -2 + 1 + -3).
-4
Evaluate (1 - -1) + -13 + (9 - 5).
-7
What is the value of -5 + (2 - -2) + 4?
3
Evaluate -2 + (-6 - -11) + -5.
-2
What is the value of -3 + 0 - (-1 - (4 - 6))?
-4
What is 7 + (-9 - -1) + 9?
8
What is (7 - 12 - 2) + 7 + -2?
-2
(5 - 5) + (3 - -5)
8
(-8 - 4 - -10) + -3 + 0
-5
What is the value of 2 + -9 + 14 + -3?
4
What is (-5 + 4 - 8) + 4?
-5
What is -5 + (3 - 6 - -7)?
-1
(-15 - 7) + 20 + (0 - -8)
6
Evaluate 0 + (-9 - -2) + 16 + -13.
-4
Evaluate -1 + -3 + (1 + 1 - 0).
-2
What is -9 - (-26 - -10) - 8?
-1
What is 8 + (-5 - -3) + -3?
3
Calculate (-8 - -6) + 4 + 2.
4
Calculate (-7 - (0 - 7)) + -7.
-7
What is the value of 9 + 2 + (27 - 32) + -6?
0
16 - 22 - (-2 - -1)
-5
Evaluate 9 + -9 - (-3 + 0 + 0).
3
What is the value of -5 - (5 + (-2 - 13))?
5
What is (-1 - -1) + (-3 - (1 + -2))?
-2
(-7 + 3 - -5) + (-1 - 4)
-4
Evaluate (-4 - -4) + -1 + (-4 - -4).
-1
-2 - (-3 - 1) - (5 + -3)
0
Evaluate 0 - (3 + 4 - 9).
2
What is the value of -25 + 25 + -9 + 3?
-6
Calculate 6 + (-6 - (-5 + 1 + 6)).
-2
What is the value of 4 + (3 - 4) + 2?
5
Evaluate -2 - (0 + -11 + 8).
1
What is 5 + (0 - (11 - 2))?
-4
Evaluate -5 + (3 - 8 - -3).
-7
What is -1 + (10 - (1 + 10 + -5))?
3
Calculate 1 - (11 - -1 - 8).
-3
Calculate -5 + 20 + -9 + 1.
7
Evaluate -5 - (-23 - (-15 - -3)).
6
What is the value of -5 + 2 - (-23 - -20)?
0
Evaluate 6 + -6 - (3 - -1) - -1.
-3
What is 5 + 3 + -9 - (-3 + -3)?
5
Evaluate (-1 - -5) + 127 + -123.
8
Calculate 1 + (2 - 10) + (0 - -6).
-1
What is (0 - (0 - 2)) + 0 + 4?
6
Evaluate (11 - 6) + -11 + 1.
-5
What is the value of -6 + 11 - ((-3 - 1) + 7)?
2
20 + -7 - 7 - 7
-1
Calculate 8 + -8 - (1 - 2).
1
What is -1 + -6 - (-5 - -1)?
-3
-4 - (12 + -12 + -1 + 1)
-4
Evaluate -3 + 5 + -7 + 10.
5
-3 + 1 - 0 - -6 - 3
1
Evaluate -5 + (0 + 13 - 7).
1
Evaluate -1 + -2 + 11 + -9 + 5.
4
What is the value of 14 + 9 + -19 + (1 - -1)?
6
Evaluate 12 + -5 + (-11 - (5 - 3)).
-6
Evaluate 0 - (-2 + (0 - (0 - 0))).
2
Evaluate (43 - 58) + (0 - -9).
-6
What is the value of -15 - (-3 - 19 - -15)?
-8
Evaluate 4 + 4 + 5 + -6 + -3.
4
Evaluate 5 - 2 - (5 + (-1 - 0)).
-1
Calculate (-1 - 5) + 11 + -9 + 9.
5
What is the value of -2 + -1 + 1 - -5?
3
What is the value of -2 - (-5 + -2 - -6)?
-1
5 - 11 - (-13 - -2)
5
What is the value of 6 - (-2 + 21 + -9)?
-4
Evaluate 8 - (12 + (-8 - -4)) - -1.
1
Calculate 14 + -10 + (-4 - 1).
-1
What is the value of 5 - (5 - (-6 - -1))?
-5
Evaluate (12 - 8) + 3 + (-4 - -1).
4
Evaluate (5 - (4 - 3)) + -4.
0
Evaluate 0 + 3 - 1 - 8.
-6
1 + 4 + -1 + 5
9
What is (-3 - 1) + (-4 + -1 - -12)?
3
Evaluate -18 + (15 - 7) + 3 + 2.
-5
What is the value of (17 + 8 - 13) + -15?
-3
Calculate 0 + -2 + 1 - 3.
-4
(2 - (-2 - -3)) + -6 + 8
3
What is the value of 0 - 2 - (-1 + -2)?
1
What is -1 - 2 - (-6 + 0)?
3
1 + 1 + -1 + -3
-2
Calculate -4 - (4 + (-6 - (4 - 4))).
-2
What is the value of 2 + -11 + 1 + -7 - -6?
-9
What is 1 + 4 - (-24 + 24)?
5
Evaluate -12 + -5 + 10 + (5 - 1).
-3
-1 - (2 - ((1 - 2) + 3))
-1
Calculate -6 + (6 - (-2 - -4)).
-2
What is (-2 - (2 + 1)) + (-16 - -19)?
-2
Evaluate 3 + -2 - (10 - -1).
-10
What is the value of 0 + -7 + -2 + 8 + -4?
-5
What is the value of -14 + 16 - (0 - -3)?
-1
What is -1 - -3 - (-4 + 5)?
1
What is the value of 6 + -6 + -6 + 6?
0
Evaluate 2 + -6 - -2 - (-4 - 1).
3
Calculate -8 + 5 + -1 - -6.
2
Calculate -6 - (49 + -61 + (1 - 3)).
8
(-1 - -8 - -3) + -4
6
What is the value of (-3 + 4 - 1) + -3?
-3
What is the value of -5 - -1 - (2 + -4)?
-2
-7 + (-3 - -5) + 4
-1
(5 - 0) + 5 + (2 - 11)
1
What is -1 + (-2 - 1) - -6?
2
Evaluate (4 + -2 - 0 - 4) + 4.
2
Calculate 8 + 1 + (-11 - -16 - 7).
7
Calculate (-1 + -11 - (12 - 17)) + 8.
1
Calculate (-2 - (1 - -3)) + (-5 - -7).
-4
Calculate 7 - (13 + 1) - (0 - 4).
-3
-7 + 14 + (1 - 3)
5
What is the value of (1 - (0 + 5)) + 0 + -1?
-5
Calculate (-9 - -16) + -12 - -10.
5
Calculate 23 - 21 - (1 + 3).
-2
What is the value of -4 - -2 - 3 - (-5 + 2)?
-2
Calculate (-6 - (-5 - -5)) + 1.
-5
8 + (-14 - -6 - -2)
2
What is the value of -4 + 12 + -6 + -8?
-6
39 + -36 - (1 + -2)
4
Evaluate 0 + -5 + (-13 - -26 - 12).
-4
6 + -3 + -3 + -1
-1
Calculate 8 + -1 + (-1 - -6) + -11.
1
What is the value of -5 - -15 - 7 - 5?
-2
(1 - 3) + (-2 - -3)
-1
Calculate 4 - (14 - (-8 + 16)).
-2
Calculate 7 - (1 - 3 - (23 - 25)).
7
-15 + 8 + 4 + (-1 - -5)
1
-5 + 1 - (-4 + 2 - -3)
-5
Evaluate 4 + (-6 - (-1 + 0)).
-1
Evaluate (-9 + 0 - 0) + -386 + 390.
-5
Evaluate -8 - (-13 + 1) - 4.
0
What is (8 - 16 - -12) + 4 + -5?
3
6 + -1 - (36 - 35) - 6
-2
What is 4 + (-6 - 2) + -25 + 29?
0
What is the value of (2 - 4) + -6 + 3?
-5
-6 + 11 + -5 + -3
-3
What is the value of 10 - ((-4 - -8) + -1)?
7
-3 + 5 + 0 - 5
-3
What is -2 - (-4 - (-2 + -3) - 5)?
2
Calculate 7 - 6 - 6 - -6.
1
What is the value of -3 + 4 + 4 + -4?
1
Evaluate 0 - (1 + (5 - (-4 + 3))).
-7
5 - 5 - 3 - -6
3
Evaluate -3 + 1 - (5 + -2 - 4).
-1
What is the value of (-25 - -21) + (1 - -4)?
1
8 + -2 + 4 - 7
3
What is the value of -2 + (-4 + 13 - 5)?
2
What is the value of 4 + -11 + 6 - 0?
-1
What is (4 - (0 + 1 + 7)) + 0?
-4
Calculate -13 - (13 - 6 - 14).
-6
8 + (-1 - 2) - -1 - 4
2
What is (-17 - (4 + -30)) + (-1 - 2)?
6
-14 + (8 - 11 - -14)
-3
What is -5 + (-4 + -5 - -8)?
-6
What is the value of 2 + -1 - (12 + -15)?
4
What is 5 + -6 - 1 - 0?
-2
Calculate 4 + -1 + (-2 - -1).
2
What is the value of -2 + 1 + 3 + -2?
0
Calculate (-7 - -8 - 0) + -4.
-3
8 - (21 - (-8 - -12))
-9
What is -25 + 19 + 9 + 3?
6
Evaluate -4 - ((0 - 1) + (9 - 7)).
-5
What is the value of 6 + -13 + -1 - -7?
-1
6 - (-1 + 9) - -7
5
What is the value of -10 - (-15 + 6) - -5?
4
What is the value of 0 - 4 - (-4 + (-1 - -5))?
-4
What is the value of 4 - 4 - (4 + -1)?
-3
What is -1 - -13 - (-21 - -28)?
5
What is (-8 - -1 - -1) + 12?
6
Evaluate 3 - (0 - (-1 - 7)).
-5
37 + -53 - (-5 + -2)
-9
Calculate 3 + -8 - (-5 + 4).
-4
What is -33 + 33 - (7 - 1)?
-6
What is 4 + (1 - (5 + -3))?
3
(3 - 9) + 9 + 1
